f 9275?
True
Does 36 divide 740?
False
Is 106 a factor of 3922?
True
Is 52 a factor of 2288?
True
Is 1172 a multiple of 16?
False
Is 19 a factor of 56689?
False
Is 29 a factor of 860?
False
Is 12 a factor of 456?
True
Is 9 a factor of 221?
False
Is 1008 a multiple of 14?
True
Is 574 a multiple of 41?
True
Is 2984 a multiple of 9?
False
Is 106 a factor of 10907?
False
Is 5280 a multiple of 40?
True
Does 46 divide 1882?
False
Is 204 a factor of 7140?
True
Is 25 a factor of 274?
False
Is 2210 a multiple of 26?
True
Is 13 a factor of 1610?
False
Is 49 a factor of 16344?
False
Does 32 divide 2126?
False
Is 53 a factor of 3604?
True
Does 56 divide 4213?
False
Is 188 a factor of 52267?
False
Is 21 a factor of 1638?
True
Does 13 divide 13714?
False
Is 2 a factor of 326?
True
Is 110 a factor of 1540?
True
Is 27845 a multiple of 6?
False
Is 32 a factor of 2059?
False
Is 448 a multiple of 28?
True
Is 12 a factor of 3432?
True
Is 10 a factor of 30?
True
Is 4 a factor of 1521?
False
Is 6 a factor of 2124?
True
Is 101 a factor of 12931?
False
Does 7 divide 83?
False
Is 14 a factor of 98?
True
Does 11 divide 5359?
False
Is 31 a factor of 2325?
True
Is 39620 a multiple of 14?
True
Is 41 a factor of 6857?
False
Does 8 divide 285?
False
Does 16 divide 818?
False
Is 832 a multiple of 16?
True
Does 42 divide 14700?
True
Is 9 a factor of 207?
True
Does 48 divide 1680?
True
Is 729 a multiple of 40?
False
Does 8 divide 224?
True
Is 66147 a multiple of 384?
False
Does 13 divide 427?
False
Does 110 divide 2064?
False
Is 630 a multiple of 7?
True
Is 920 a multiple of 21?
False
Does 101 divide 10908?
True
Does 36 divide 1548?
True
Is 192 a multiple of 12?
True
Does 38 divide 17245?
False
Is 6144 a multiple of 48?
True
Is 9 a factor of 12592?
False
Is 10 a factor of 34?
False
Is 15 a factor of 2113?
False
Is 3069 a multiple of 9?
True
Is 3 a factor of 66?
True
Is 20 a factor of 3280?
True
Does 11 divide 944?
False
Does 10 divide 1560?
True
Does 3 divide 28?
False
Is 172 a multiple of 11?
False
Is 617 a multiple of 29?
False
Is 47878 a multiple of 188?
False
Does 78 divide 546?
True
Is 11 a factor of 1925?
True
Is 2 a factor of 1086?
True
Is 1194 a multiple of 6?
True
Does 7 divide 27174?
True
Is 28 a factor of 812?
True
Does 27 divide 383?
False
Is 92 a multiple of 4?
True
Is 99 a factor of 1485?
True
Does 72 divide 1734?
False
Is 18 a factor of 1224?
True
Is 10 a factor of 43508?
False
Is 194 a factor of 7413?
False
Is 25 a factor of 4425?
True
Is 33 a factor of 43989?
True
Is 3008 a multiple of 8?
True
Does 24 divide 73445?
False
Does 50 divide 3200?
True
Does 18 divide 3240?
True
Is 98 a factor of 11368?
True
Is 8101 a multiple of 17?
False
Is 38 a factor of 11073?
False
Does 125 divide 36167?
False
Does 14 divide 154?
True
Is 15 a factor of 1928?
False
Is 440 a multiple of 30?
False
Is 7 a factor of 2625?
True
Is 86 a factor of 13502?
True
Is 7412 a multiple of 34?
True
Is 1517 a multiple of 41?
True
Does 396 divide 49500?
True
Is 119 a factor of 888?
False
Is 72120 a multiple of 30?
True
Does 23 divide 26?
False
Does 57 divide 10716?
True
Is 121464 a multiple of 241?
True
Does 142 divide 30246?
True
Is 25 a factor of 2643?
False
Is 1065 a multiple of 2?
False
Is 79 a factor of 17138?
False
Is 14 a factor of 1984?
False
Does 2 divide 43?
False
Is 640 a multiple of 23?
False
Is 3652 a multiple of 22?
True
Is 106 a factor of 1905?
False
Is 3764 a multiple of 130?
False
Is 20 a factor of 260?
True
Is 37 a factor of 39257?
True
Does 101 divide 1616?
True
Is 4906 a multiple of 58?
False
Is 10264 a multiple of 5?
False
Is 56 a factor of 6888?
True
Is 13 a factor of 1722?
False
Is 2233 a multiple of 11?
True
Is 43596 a multiple of 63?
True
Is 13 a factor of 3809?
True
Is 40051 a multiple of 11?
True
Is 790 a multiple of 23?
False
Is 87 a factor of 2001?
True
Is 192 a multiple of 24?
True
Does 12 divide 277?
False
Is 28 a factor of 1232?
True
Is 234 a multiple of 9?
True
Is 7 a factor of 1416?
False
Is 64 a factor of 4608?
True
Does 14 divide 12348?
True
Is 87 a factor of 62814?
True
Is 94 a factor of 38427?
False
Is 1191 a multiple of 26?
False
Is 6 a factor of 906?
True
Is 24 a factor of 904?
False
Is 9645 a multiple of 6?
False
Is 311 a multiple of 12?
False
Is 3 a factor of 38040?
True
Is 5 a factor of 870?
True
Is 27 a factor of 2727?
True
Is 16 a factor of 11712?
True
Does 253 divide 19179?
False
Does 6 divide 258?
True
Does 10 divide 872?
False
Does 3 divide 249?
True
Is 57 a factor of 5757?
True
Is 108 a factor of 3132?
True
Is 5854 a multiple of 102?
False
Is 925 a multiple of 18?
False
Does 13 divide 15301?
True
Does 64 divide 5642?
False
Is 4197 a multiple of 217?
False
Is 9 a factor of 4860?
True
Is 4525 a multiple of 12?
False
Does 4 divide 1048?
True
Is 9 a factor of 21624?
False
Does 60 divide 19213?
False
Is 6 a factor of 475?
False
Is 855 a multiple of 4?
False
Is 32 a factor of 800?
True
Is 16 a factor of 704?
True
Is 4371 a multiple of 93?
True
Does 5 divide 600?
True
Is 18468 a multiple of 38?
True
Does 2 divide 176?
True
Is 175 a factor of 15050?
True
Does 8 divide 3987?
False
Is 20 a factor of 42751?
False
Is 88 a multiple of 44?
True
Is 14 a factor of 10388?
True
Is 2436 a multiple of 4?
True
Is 2968 a multiple of 7?
True
Is 19 a factor of 1257?
False
Is 4205 a multiple of 4?
False
Is 11854 a multiple of 31?
False
Is 2092 a multiple of 69?
False
Does 18 divide 171?
False
Does 142 divide 2578?
False
Does 22 divide 3102?
True
Does 109 divide 17356?
False
Is 14 a factor of 20818?
True
Does 35 divide 5180?
True
Does 220 divide 3300?
True
Does 69 divide 55072?
False
Is 43904 a multiple of 98?
True
Is 33 a factor of 7887?
True
Is 65 a factor of 5980?
True
Is 3570 a multiple of 20?
False
Does 25 divide 2950?
True
Is 43 a factor of 2732?
False
Does 7 divide 28469?
True
Is 16 a factor of 649?
False
Does 9 divide 10584?
True
Does 19 divide 9670?
False
Does 4 divide 13535?
False
Does 49 divide 4745?
False
Does 422 divide 61612?
True
Does 103 divide 4017?
True
Does 13 divide 9880?
True
Does 20 divide 15180?
True
Is 28 a multiple of 3?
False
Does 121 divide 893?
False
Is 63 a factor of 3886?
False
Is 104 a factor of 854?
False
Is 1472 a multiple of 16?
True
Does 11 divide 781?
True
Is 25 a factor of 27889?
False
Is 38 a factor of 2624?
False
Is 10764 a multiple of 46?
True
Is 6345 a multiple of 47?
True
Is 27 a factor of 1811?
False
Is 39 a factor of 10561?
False
Is 33 a factor of 103521?
True
Is 80 a factor of 37910?
False
Is 3726 a multiple of 18?
True
Does 157 divide 8478?
True
Is 7 a factor of 6991?
False
Is 35 a factor of 5600?
True
Does 9 divide 1962?
True
Does 25 divide 180?
False
Is 12276 a multiple of 124?
True
Is 9672 a multiple of 156?
True
Is 600 a multiple of 25?
True
Is 574 a multiple of 37?
False
Does 78 divide 292?
False
Does 2 divide 135?
False
Is 2 a factor of 1127?
False
Does 26 divide 643?
False
Is 2100 a multiple of 25?
True
Is 5 a factor of 1192?
False
Is 35 a factor of 945?
True
Is 66 a factor of 13134?
True
Does 2 divide 462?
True
Does 15 divide 6942?
False
Does 19 divide 114?
True
Does 52 divide 468?
True
Is 175 a factor of 25725?
True
Is 70 a factor of 36819?
False
Is 540 a multiple of 12?
True
Is 3016 a multiple of 52?
True
Is 34 a factor of 2205?
False
Is 56 a factor of 112?
True
Is 23 a factor of 5372?
False
Is 12 a factor of 1044?
True
Is 6 a factor of 36?
True
Does 54 divide 312?
False
Is 248 a factor of 89214?
False
Does 3 divide 3297?
True
Is 241 a factor of 7597?
False
Is 500 a multiple of 20?
True
Is 192 a multiple of 24?
True
Does 139 divide 278?
True
Is 5152 a multiple of 17?
False
Does 89 divide 10769?
True
Does 8 divide 1822?
False
Is 35 a factor of 558?
False
Is 27 a factor of 1944?
True
Is 559 a multiple of 13?
True
Does 114 divide 11804?
False
Is 910 a multiple of 10?
True
Is 2873 a multiple of 55?
False
Is 45 a factor of 42435?
True
Does 4 divide 872?
True
Does 92 divide 78384?
True
Is 6 a factor of 1219?
False
Does 29 divide 31610?
True
Is 1293 a multiple of 3?
True
Is 9 a factor of 572?
False
Is 5436 a multiple of 151?
True
Is 692 a multiple of 4?
True
Is 4 a factor of 28608?
True
Is 8184 a multiple of 31?
True
Is 1547 a multiple of 13?
True
Is 38356 a multiple of 43?
True
Is 3960 a multiple of 11?
True
Is 67 a fact